{"id":35,"date":"2021-09-09T16:44:14","date_gmt":"2021-09-09T16:44:14","guid":{"rendered":"http:\/\/www.pactodegracia.net\/?page_id=35"},"modified":"2021-10-07T20:34:33","modified_gmt":"2021-10-07T20:34:33","slug":"home","status":"publish","type":"page","link":"http:\/\/www.pactodegracia.net\/","title":{"rendered":"La P\u00e1gina Principal"},"content":{"rendered":"\n<center><a href=\"https:\/\/goo.gl\/maps\/eHfx7Yow7zgnkj1g6\">20 N Marr St, Fond du Lac, WI 54935<\/a><br>\n<a href=\"tel:931-787-9657\">(931) 787-9657<\/a><\/center>\n\n\n<p>\u00a1Sitio web pr\u00f3ximamente!<\/p>\n<h2 style=\"text-align: center;\"><a href=\"https:\/\/fb.me\/e\/4AI6ffbsq\" target=\"_blank\" rel=\"noopener\">\u00danese a nuestra comunidad cristiana para estudios b\u00edblicos los s\u00e1bados por la tarde a las 6 pm.<\/a><\/h2>\n\n\n<iframe src=\"https:\/\/www.google.com\/maps\/embed?pb=!1m18!1m12!1m3!1d46091.04271473849!2d-88.48008505203663!3d43.77928995390408!2m3!1f0!2f0!3f0!3m2!1i1024!2i768!4f13.1!3m3!1m2!1s0x8804757e0a4d107f%3A0xea5cf57714fc68f1!2sCovenant%20United%20Methodist%20Church!5e0!3m2!1sen!2sus!4v1633637524005!5m2!1sen!2sus\" width=\"600\" height=\"450\" style=\"border:0;\" allowfullscreen=\"\" loading=\"lazy\"><\/iframe>\n\n\n\n<p><\/p>\n","protected":false},"excerpt":{"rendered":"<p>20 N Marr St, Fond du Lac, WI 54935 (931) 787-9657 \u00a1Sitio web pr\u00f3ximamente! \u00danese a nuestra comunidad cristiana para estudios b\u00edblicos los s\u00e1bados por la tarde a las 6 pm.<\/p>\n","protected":false},"author":2,"featured_media":209,"parent":0,"menu_order":0,"comment_status":"closed","ping_status":"closed","template":"","meta":[],"_links":{"self":[{"href":"http:\/\/www.pactodegracia.net\/index.php\/wp-json\/wp\/v2\/pages\/35"}],"collection":[{"href":"http:\/\/www.pactodegracia.net\/index.php\/wp-json\/wp\/v2\/pages"}],"about":[{"href":"http:\/\/www.pactodegracia.net\/index.php\/wp-json\/wp\/v2\/types\/page"}],"author":[{"embeddable":true,"href":"http:\/\/www.pactodegracia.net\/index.php\/wp-json\/wp\/v2\/users\/2"}],"replies":[{"embeddable":true,"href":"http:\/\/www.pactodegracia.net\/index.php\/wp-json\/wp\/v2\/comments?post=35"}],"version-history":[{"count":11,"href":"http:\/\/www.pactodegracia.net\/index.php\/wp-json\/wp\/v2\/pages\/35\/revisions"}],"predecessor-version":[{"id":234,"href":"http:\/\/www.pactodegracia.net\/index.php\/wp-json\/wp\/v2\/pages\/35\/revisions\/234"}],"wp:featuredmedia":[{"embeddable":true,"href":"http:\/\/www.pactodegracia.net\/index.php\/wp-json\/wp\/v2\/media\/209"}],"wp:attachment":[{"href":"http:\/\/www.pactodegracia.net\/index.php\/wp-json\/wp\/v2\/media?parent=35"}],"curies":[{"name":"wp","href":"https:\/\/api.w.org\/{rel}","templated":true}]}}